69383?
11, 6160853
List the prime factors of 77018075.
5, 17, 181219
What are the prime factors of 628868478?
2, 3, 7, 14973059
What are the prime factors of 35308517?
19, 1858343
What are the prime factors of 85167916?
2, 59, 509, 709
What are the prime factors of 83182685?
5, 353, 47129
What are the prime factors of 691011170?
2, 5, 69101117
List the prime factors of 174661946.
2, 19, 1427, 3221
List the prime factors of 246826331.
139, 1775729
List the prime factors of 1835804696.
2, 11, 20861417
List the prime factors of 84164326.
2, 59, 167, 4271
List the prime factors of 8750306.
2, 4375153
What are the prime factors of 3674036773?
11, 41, 8146423
What are the prime factors of 6842880797?
1607, 4258171
What are the prime factors of 106730091?
3, 13, 47, 1493
What are the prime factors of 1403868981?
3, 467956327
List the prime factors of 822288750.
2, 3, 5, 219277
List the prime factors of 11022369.
3, 1217, 3019
What are the prime factors of 169836176?
2, 173, 61357
List the prime factors of 2136337761.
3, 109, 6533143
What are the prime factors of 1787094267?
3, 7, 19, 1867, 2399
What are the prime factors of 69731719?
647, 107777
What are the prime factors of 2038390125?
3, 5, 37, 107, 1373
What are the prime factors of 122379213?
3, 11, 149, 24889
What are the prime factors of 317793762?
2, 3, 11, 13, 331, 373
List the prime factors of 6713431.
6713431
List the prime factors of 143155977.
3, 29, 181, 9091
List the prime factors of 68593233.
3, 197, 277, 419
List the prime factors of 1993640761.
7, 79, 283, 12739
What are the prime factors of 20571655?
5, 13, 191, 1657
What are the prime factors of 50043604?
2, 13, 181, 409
What are the prime factors of 228169963?
7, 32595709
List the prime factors of 127208827.
307, 414361
What are the prime factors of 72391837?
7, 73, 141667
What are the prime factors of 48923896?
2, 7, 873641
What are the prime factors of 12307956?
2, 3, 359, 2857
What are the prime factors of 1268817970?
2, 5, 7, 3943, 4597
List the prime factors of 427336666.
2, 43, 4969031
What are the prime factors of 723665319?
3, 13, 89, 208489
What are the prime factors of 195907034?
2, 71, 73, 18899
What are the prime factors of 569413294?
2, 284706647
List the prime factors of 75505348.
2, 18876337
What are the prime factors of 2459725098?
2, 3, 277, 661, 2239
List the prime factors of 76263661.
53, 1438937
What are the prime factors of 2177991940?
2, 5, 223, 488339
What are the prime factors of 4072603301?
13, 313277177
List the prime factors of 592132639.
7, 84590377
List the prime factors of 573684795.
3, 5, 83, 51199
List the prime factors of 1015248482.
2, 9649, 52609
List the prime factors of 341848066.
2, 7, 24417719
What are the prime factors of 11851443?
3, 227, 5801
List the prime factors of 12460143.
3, 19, 218599
List the prime factors of 189266610.
2, 3, 5, 13, 17, 28547
What are the prime factors of 213788997?
3, 37, 214003
What are the prime factors of 1258243569?
3, 11, 12709531
What are the prime factors of 16667104?
2, 19, 79, 347
What are the prime factors of 372209196?
2, 3, 37, 139, 163
What are the prime factors of 11656579?
11, 29, 36541
What are the prime factors of 120620443?
120620443
List the prime factors of 71232704.
2, 1113011
List the prime factors of 293137595.
5, 58627519
List the prime factors of 764624747.
764624747
What are the prime factors of 117657084?
2, 3, 9804757
List the prime factors of 94864702.
2, 107, 443293
List the prime factors of 358963562.
2, 1259, 142559
List the prime factors of 112464745.
5, 31, 725579
List the prime factors of 197928272.
2, 383, 32299
What are the prime factors of 110698634?
2, 191, 197, 1471
What are the prime factors of 46649240?
2, 5, 11, 97, 1093
List the prime factors of 502662384.
2, 3, 7, 10177
List the prime factors of 790623606.
2, 3, 131770601
List the prime factors of 136212995.
5, 19, 1433821
What are the prime factors of 61512477?
3, 13, 17, 92779
List the prime factors of 33209228.
2, 13, 17, 37567
List the prime factors of 221223755.
5, 479, 92369
What are the prime factors of 806977732?
2, 11, 43, 79, 5399
List the prime factors of 144570817.
144570817
What are the prime factors of 30719361?
3, 37, 109, 2539
What are the prime factors of 11286118?
2, 5643059
List the prime factors of 525747751.
525747751
What are the prime factors of 683417377?
23, 29713799
What are the prime factors of 90809718?
2, 3, 3461, 4373
What are the prime factors of 76544672?
2, 2392021
List the prime factors of 718666574.
2, 29, 12390803
List the prime factors of 14868816.
2, 3, 101, 3067
List the prime factors of 200211312.
2, 3, 7, 17, 35051
What are the prime factors of 802121508?
2, 3, 7427051
What are the prime factors of 709146454?
2, 29, 43, 284341
List the prime factors of 118422235.
5, 23684447
List the prime factors of 684932699.
11, 62266609
What are the prime factors of 12442100?
2, 5, 11, 11311
What are the prime factors of 214039494?
2, 3, 11891083
List the prime factors of 46046278.
2, 37, 622247
What are the prime factors of 44639435?
5, 23, 388169
What are the prime factors of 19399704?
2, 3, 503, 1607
List the prime factors of 1354845855.
3, 5, 11, 17, 31, 15581
What are the prime factors of 30193083?
3, 3354787
What are the prime factors of 381159294?
2, 3, 1163, 54623
List the prime factors of 27185053.
7, 554797
What are the prime factors of 32543880?
2, 3, 5, 103, 2633
List the prime factors of 263018706.
2, 3, 43836451
What are the prime factors of 114730364?
2, 7, 43, 13613
List the prime factors of 11249573.
1879, 5987
List the prime factors of 636045176.
2, 13, 6115819
List the prime factors of 136183113.
3, 11, 152843
What are the prime factors of 84642565?
5, 7, 2418359
What are the prime factors of 16432492?
2, 19, 216217
List the prime factors of 33240820.
2, 5, 1662041
List the prime factors of 823746309.
3, 274582103
List the prime factors of 56679209.
151, 375359
List the prime factors of 1404643099.
37, 3191, 11897
What are the prime factors of 92765497?
11, 179, 4283
List the prime factors of 81322502.
2, 47, 109, 7937
What are the prime factors of 149622818?
2, 74811409
What are the prime factors of 202060870?
2, 5, 11, 43, 42719
What are the prime factors of 9908038?
2, 7, 707717
List the prime factors of 318195129.
3, 7, 31, 488779
List the prime factors of 47986454.
2, 263, 91229
List the prime factors of 30771664.
2, 7, 11, 24977
List the prime factors of 1585622378.
2, 211, 3757399
List the prime factors of 20393794.
2, 103, 98999
List the prime factors of 69522733.
7, 251, 39569
List the prime factors of 185368194.
2, 3, 11, 936203
What are the prime factors of 104664305?
5, 37, 149, 3797
What are the prime factors of 154189839?
3, 29, 1772297
What are the prime factors of 314674104?
2, 3, 2111, 6211
List the prime factors of 130257067.
29, 4491623
What are the prime factors of 41430003?
3, 17, 812353
What are the prime factors of 97191307?
23, 4225709
List the prime factors of 56324866.
2, 13, 389, 5569
What are the prime factors of 71221791?
3, 59, 402383
List the prime factors of 98075931.
3, 32691977
List the prime factors of 1164912668.
2, 31, 179, 1693
List the prime factors of 364896251.
13913, 26227
List the prime factors of 18080571.
3, 17, 19, 47, 397
What are the prime factors of 240137484?
2, 3, 197, 101581
List the prime factors of 89069905.
5, 2711, 6571
What are the prime factors of 182624211?
3, 7, 11, 23957
List the prime factors of 155896750.
2, 5, 29, 21503
List the prime factors of 3745047882.
2, 3, 101, 127, 48661
What are the prime factors of 69705543?
3, 1013, 22937
List the prime factors of 612300946.
2, 251, 631, 1933
What are the prime factors of 2131151336?
2, 71, 139, 26993
List the prime factors of 4340805603.
3, 18433, 78497
What are the prime factors of 437910182?
2, 293, 747287
List the prime factors of 15210964.
2, 29, 131129
List the prime factors of 237752033.
5741, 41413
What are the prime factors of 1031121737?
97, 10630121
What are the prime factors of 50572212?
2, 3, 17, 157, 1579
What are the prime factors of 93300208?
2, 367, 15889
List the prime factors of 1574085.
3, 5, 101, 1039
What are the prime factors of 152592063?
3, 13, 197, 19861
What are the prime factors of 75